aluate -1 + 5 + (-146 - -133).
-9
(64 - 4) + -27 - 42
-9
Calculate 12 + -17 - 15 - -3.
-17
What is 14 + (7 - 18 - -2 - -3)?
8
Evaluate 11 - ((-4 - (7 + -20)) + 22).
-20
Calculate 1 - ((6 - 9) + 13 + (-8 - -3)).
-4
(-1 + (-7 - -4) - 6) + 9 + -13
-14
What is 265 + -230 + -15 + -3?
17
Evaluate 8 + 5 - (73 - 62).
2
Calculate (-25 - -16) + (5 - -1 - 2) + -2.
-7
What is 28 + (-20 - (-14 + -1 - -3))?
20
What is the value of -42 + 2 + 12 - -28?
0
-22 + (5 - (6 - (8 + 0))) + -5
-20
Calculate (-17 - 13) + 48 - 26.
-8
10 + (-4 - (1 + 14))
-9
Calculate -4 + 1 - (-6 + -6 - -10 - -27).
-28
Evaluate -8 + (60 - 40) + 27.
39
Calculate 2 + 0 - (30 - (-28 + -21 + 70)).
-7
-6 - (1 - -7) - -5 - -16
7
What is the value of 3 + -3 + -96 + 90?
-6
What is (10 - -1) + (-7 - (-8 + -8 + 5))?
15
Calculate 36 + (0 - 23 - 6).
7
What is -1 + 10 - (-13 - -10 - -10)?
2
Calculate 9 + -4 + (9 - 18).
-4
Calculate -1 - ((12 - 2) + -12).
1
Calculate -1 + 22 + (-14 - 2).
5
Evaluate -28 + -37 + 38 + 8.
-19
What is (9 - 0) + -3 + 7 + 2 - 2?
13
What is (8 - -6) + 3 + -16?
1
What is 278 + -280 - (-4 - (15 + 3))?
20
(5 - 17) + 12 + 2 + 1
3
What is the value of -8 - (-3 - (-49 + 64))?
10
Evaluate -19 - (-30 + 28 + 11).
-28
Evaluate 462 + -453 - ((-1 - -9) + 0 + 0).
1
What is the value of 22 + -27 - (-18 + -1 - 1)?
15
What is 23 + -3 + (-69 - -54)?
5
Evaluate -94 + 93 - (0 - -16 - (3 - 2)).
-16
0 - (-8 + 3 + 8)
-3
What is (2 - -5) + (18 - 14)?
11
-2 + 3 - (22 + (-17 - -7))
-11
What is (-13 - -2) + 9 + (-5 - (3 - 5))?
-5
-1 + 2 + 11 + (-36 - -32) + -5
3
(56 - 53 - (-1 - -1 - -5)) + 14
12
-6 + 5 + 14 - 0 - (5 + -3)
11
What is the value of 7 - 1 - (-18 - (5 + 0 + -9))?
20
Evaluate 17 - (17 + -7) - 8.
-1
What is the value of 210 + -201 - (-3 - (1 - 28))?
-15
Evaluate (-39 - (5 - 46)) + -7 + (-1 - 1).
-7
-29 - (14 - 14) - -28
-1
Calculate (-33 - -17) + -82 + 87.
-11
What is the value of (-8 - -74) + -35 - -7?
38
What is (-38 - 1) + -10 + -47 + 69?
-27
-1 - (-14 + 12 - -14)
-13
-1 - (-7 + 10 - (11 - -9))
16
Calculate 60 + -104 - (-5 + -8 + 1).
-32
Calculate 10 - (9 + (-3 - 13)) - (-2 + 4).
15
Calculate (36 + -19 - -1) + -27.
-9
What is the value of 3 + 6 + -13 + (0 - 2) - -9?
3
What is the value of 7 + (3 - (-4 - -9)) - (3 - -8)?
-6
What is the value of -4 + 3 - (36 - 32)?
-5
What is 7 + -65 + (27 - 1)?
-32
7 + 11 + -7 + -5
6
Calculate 1 + -17 + 103 + -57.
30
Calculate (284 - 275) + -25 + 0 + 2.
-14
What is 12 + -20 + 9 + 2 + 2 - -7?
12
Evaluate 28 - (724 + -726 - (2 + -2 - 13)).
17
(6 - 1) + -9 + (-6 + 1 - -1)
-8
What is -1 - (-4 + 0 + 2) - (-715 - -716)?
0
3 + (28 - 0) + -12 + 14 + -9
24
Evaluate -2 + -23 - (191 + -226).
10
What is the value of (-1146 - -1150) + 2 + -1 + 3?
8
Calculate (-2 - -8) + 24 + 4 + -34.
0
What is the value of -9 + -24 + (-6 - -3 - -4) + 5?
-27
411 - 420 - (2 + -1 + -20)
10
Calculate (-3 - -12) + (0 - 12) + 23.
20
What is the value of -12 + (2 - (-4 + 11)) + 2?
-15
What is the value of -6 + 3 + 1 + -8 + -4?
-14
Calculate -193 + 187 + 26 + -1.
19
What is (-11 - (-5 + -8) - 7) + (1 - 7)?
-11
Evaluate -2 + -13 + (-3 + 6 - -4).
-8
Calculate -18 + 14 - (18 - 5).
-17
What is -41 + (23 - (-26 + 26))?
-18
What is -4 - (0 - 14) - (-2 - 0 - -5)?
7
-14 - -1 - (-7 - (12 - 11))
-5
Evaluate 6 + 26 + -31 + 5 + -2 + 4.
8
What is the value of (-1 + 14 - 7) + 8 + (-4 - -6)?
16
Calculate -14 + 0 + (21 - 8) + -7.
-8
-146 - -162 - (1 + 8 - -4)
3
What is 10 - ((-11 - (2 - 11)) + (5 - 0))?
7
What is the value of 4 + 14 - (31 + -12) - (1 - 26)?
24
What is the value of -6 - 1 - (-9 + 3 + -2)?
1
Calculate -7 - (10 + -24 + (0 - 8)).
15
Evaluate -18 + 0 + (50 - (30 - 18)).
20
Evaluate (-7 - (31 - 35)) + (15 - -1).
13
Calculate (398 - 400) + (0 - (2 + -3)).
-1
What is (311 - 300) + (-15 - 1) - 19?
-24
What is the value of 4 - 4 - (28 + (-2 - (5 + 4)))?
-17
Calculate 12 - (12 - (20 + -13)).
7
What is -5 + (-3 + 6 - (-13 + 2))?
9
Evaluate 1 + -8 - (14 - (32 - (14 - -1))).
-4
-26 + 6 - (22 + -45)
3
What is the value of -5 - (14 - (16 - 9))?
-12
What is -14 + -1 - (6 + (-14 - -7))?
-14
4 - (4 + -6 + 7 - -1)
-2
Evaluate (0 - 11) + -767 + 743.
-35
23 - (23 + 15 - 20)
5
Calculate -81 + 50 - -47 - ((2 - 0) + 2).
12
Calculate 1 + 5 - (-6 + 8 + -11).
15
What is the value of -13 - (0 - (4 + -11))?
-20
-18 - (-4 + 11 + -9 + -6)
-10
Evaluate 0 - 9 - (10 + -3 + -23 - -5).
2
What is the value of -6 + (2 - 2) - -12?
6
What is the value of -1 + (-5 - -8 - -2) + -8 + 30?
26
Evaluate -486 + 469 + 23 + 2.
8
What is the value of 4 + 1 + (-10 + -58 - -82)?
19
Evaluate 43 + 22 + -112 - (-18 + 1).
-30
What is the value of ((-1 + -8 - -7) + 7 - -6) + -3?
8
Evaluate -16 - -39 - 15 - (3 + 3 - -2).
0
What is the value of 18 + -16 + 24 - 50?
-24
What is -51 + 13 - ((14 - 23) + -3)?
-26
Calculate -5 + 15 + -10 + -15.
-15
What is the value of 2 - (-3 - -2) - -1 - (-4 - -2)?
6
What is (-5 - (-13 - -4)) + (-5 - -12)?
11
What is 2 + 3 + (-18 - (-26 - 7))?
20
Calculate (1 - 1) + (13 + -19 - -19) + -17.
-4
What is the value of 36 - 20 - -1 - 0?
17
5 - (3 + -22 + 14 + -3)
13
Evaluate -13 + 7 + -13 + 14.
-5
Calculate (-12 - (16 + -11)) + 14.
-3
Evaluate -22 + (-22 - -53) - 5.
4
Evaluate -1 + 6 + -7 + -10 + 18 + 5.
11
74 + -77 + 0 + 3 + (17 - 0)
17
-7 - 1 - (-24 + -27 + 43)
0
12 + -9 + -10 - (5 + -8 + 17)
-21
What is the value of (1 - 2) + 47 + -59 + 3?
-10
What is the value of 31 + -1 + 10 + -15 - 11?
14
What is 0 + 15 + (49 - 62)?
2
Calculate 24 + (18 + (12 - 36) - (0 - -3)).
15
(-1 - -4) + (-7 - 1) - 7
-12
Evaluate (-17 + (-7 - -8) - 13) + -3.
-32
Calculate 2 + (-8 - (7 + (0 - 13))) + -6.
-6
What is the value of -29 + (-31 - -9 - -56)?
5
-2 + (3 - -13) + -20 - (1 + 6)
-13
What is the value of -21 + 19 + 45 - 26?
17
Calculate -27 - (-8 + 7) - (-14 + 5).
-17
Evaluate -2013 + 2025 - (1 - (5 + 1)).
17
Evaluate (32 - 0) + (-17 - (-6 + 2)).
19
What is the value of -11 - ((-7 - 21) + -4 - 2)?
23
Calculate (-19 - (-4 + -10) - 15) + 2 + 1.
-17
(3 - 6) + -12 + 5
-10
Evaluate -30 + -19 + 46 - (0 + -6 + 0).
3
-23 + (-5 - (-4 + -7))
-17
What is 15 - (3 + (-1 - -16))?
-3
Evaluate 7 + 11 + 1 + -15.
4
Evaluate 16 + (-26 - -7) + (-5 + 3 - -3).
-2
Evaluate 8 + (-1 - -4) - (3 - (12 + -8)).
12
Calculate -1 - (-15 + 21 - 22).
15
What is the value of -17 - (15 - 17) - (1 - 11)?
-5
Calculate -6 + (-8 - (-4 + 6 + -12)) + 0.
-4
Calculate (-25 - -14) + -1 + 0 + (-3 - 0).
-15
(21 - ((-7 - -10) + 9)) + (-48 - -7)
-32
-24 - ((9 - 20) + -2)
-11
What is 26 - 66 - (-6 + 8 + -11)?
-31
What is the value of (22 - 24) + -3 + 22?
17
Calculate -42 - ((-49 - 20) + 34).
-7
-3 + (-1 - 3) + 4 + (0 - -1)
-2
Evaluate -6 - ((5 - -14) + 2 + -2).
-25
Evaluate -10 - -3 - (2 - (53 + -31)).
13
What is the value of (-12 - (-13 + 11)) + 2 + 2?
-6
Calculate -2 - (-28 + (25 - -1) - (-2 + -4)).
-6
Evaluate (10 - 8 - -3) + -58 + (5 - -10).
-38
What is -14 + (11 - (-14 - -10))?
1
What is 16 + -51 - (-76 + 4)?
37
Evaluate 45 - (18 - -14) - 0.
13
Evaluate -44 + -43 + 64 + (2 - (-2 + 1)).
-20
Evaluate 12 + -12 + 7 - -2.
9
Evaluate 23 + -2 + 9 + -13 + (-15 - -10).
12
What is -11 - ((7 - -4) + -3 - 27)?
8
(10 - 0) + -42 + 13 + 20
1
What is -2 + (-11 - 1) + 8 + 28?
22
-17 + 24 - (2 - (5 - (4 - -4)))
2
What is the value of 5 - (-23 + 26 - 9)?
11
Evaluate (-2 + 6 - ((1 - 4) + 6)) + 13.
14
Evaluate (46 - 42) + -5 + -1 + 7.
5
What is 15 + (0 - 3) + -7 + -54 + 26?
-23
Calculate -3 + -5 + -1 - (21 + -12).
-18
-7 + 11 + (-30 + -10 + 7 - 2)
-31
What is the value of 7 - 1 - (-158 + 174)?
-10
What is the value of (3 + -1 + -23 - -1) + 103 + -95?
-12
-690 + 673 - (2 + -5 + 13)
-27
What is the value of (1 - -2) + (-6 - 0) + -2 + 18?
13
Calculate 8 - (26 + -18 - (1 + 1)) - -21.
23
What is -5 - (-22 + (39 - 19))?
-3
Calculate -31 + (-3 - -59) + -52.
-27
What is 7 + (10 + -2 - 5)?
10
What is 35 - (-17 - (-46 + -30))?
-24
Calculate 2 - -10 - (10 - (-9 - -15)).
8
What is the value of -12 + -10 + 14 + (1 - -4) + -3?
-6
-15 + (-4 - -13) + 1
-5
Calculate (1 - 3) + -4 - 0 - (0 - 10).
4
1 + (7 + -13 - (1 + -11))
5
What is (-6 - (4 + 0 + -16)) + -12 + -6?
-12
-11 - (-10 - -3) - (-5 + 25)
-24
Calculate -34 - (-7 + (-9 - (-10 - -8)) + 11).
-31
117 + -119 + (0 - 0 - 0 - 8)
-10
What is the value of (13 - 1) + (8 + 10 - 14)?
16
Evaluate -7 - 4 - -7 - (0 - 0 - -2).
-6
Calculate -6 + 2 - (-28 + 27).
-3
-8 + -4 + (-7 - -1